
Let f be (174/8)/3 - 2/8. Let z(q) = -q - q + 4*q + f. Calculate z(-7).
-7
Let g(t) = -t**3 + 4*t**2 + 4*t - 2. Let u(r) = -r**2 - 14*r + 2. Let o be u(-14). Suppose p - 13 = -2*s, -4*s + 39 + o = 5*p. Determine g(p).
-7
Let t(s) be the first derivative of 2*s**3/3 - s**2 + 3. Let p(w) = -4*w + 10. Let a be p(3). Determine t(a).
12
Let d(l) = -2*l - 8. Let b be d(-9). Let v be (-44)/20 - (-2)/b. Let a be 35/(-14) - v/(-4). Let n(f) = f**2 + 3*f - 1. Determine n(a).
-1
Let o(z) = z + 1. Let n(j) = -j**3 - 6*j**2 - 6. Let i(x) = x**3 - 7*x**2 - x + 1. Let m = 13 + -6. Let t be i(m). Let h be n(t). Calculate o(h).
-5
Let o be (-75)/(-125) + (-54)/(-10). Let g(a) = a + 5. Give g(o).
11
Let t(l) be the second derivative of -l**3/6 - 11*l**2/2 + 2*l. Let g(b) = b + 1. Let m be g(-7). Let p be (-4)/m + 6/(-9). Calculate t(p).
-11
Let t(r) = 2*r**2 + 2*r - 2. Let x be t(-3). Let n = -12 + x. Let l(k) = k - 14*k**2 + 15*k**2 + 0*k + 0*k + 2. Determine l(n).
4
Suppose -95 = -p - 3*u - 0*u, -2*p = u - 175. Let t = -87 + p. Let o(g) = 9*g + 1. Determine o(t).
-8
Suppose -23 = 5*x + 7. Let f = 0 - x. Let d(w) = w**2 - 8*w - 3. What is d(f)?
-15
Let o(y) = -y**2. Let k(q) = 1 + 11*q - 8*q - 6*q**2 + 2*q**2. Let c(f) = -k(f) + 5*o(f). Calculate c(-2).
1
Let b be (-3)/(-2)*(-2)/(-1). Suppose -3 = -b*j - 6. Let h(y) = 4*y. What is h(j)?
-4
Let k(p) = -2*p**2 + 21*p - 14. Let y be k(8). Let r(z) = -z**3 + 25*z**2 + 25*z + 30. What is r(y)?
4
Suppose -6*w - 9 = 27. Let t(h) = h**2 + 3*h - 2. What is t(w)?
16
Let m(y) = 11*y**3 - 11*y**2 - 9*y - 5. Let h(v) = 4*v**3 - 4*v**2 - 3*v - 2. Let p(r) = -8*h(r) + 3*m(r). What is p(2)?
-1
Let o(r) = -r**2 - 4*r - 3. Let s(b) = b**2 - b + 23. Let v be s(0). Let y = v - 10. Suppose 18 = -3*l - 4*x - y, 0 = -5*l + x - 21. What is o(l)?
-8
Let v(p) = -4 + 7*p + 4 - 14*p**2 + 15*p**2 - 3. Let l = -48 - -41. What is v(l)?
-3
Suppose 2 = 2*a - 0*a. Let o = 3 + a. Let t(n) = -3*n**2 + 2*n + o*n**2 - 4 - 2*n. What is t(0)?
-4
Let y(c) = 2*c - 30. Let l(n) = 2*n - 17. Let j(h) = 5*l(h) - 3*y(h). What is j(-7)?
-23
Let z(g) = -8*g**3 - 412*g**2 - 2*g + 0 - 1 + 6*g**3 + 408*g**2. What is z(-3)?
23
Let v(t) = t**3 + t**2 + t + 2. Let k(q) = 8*q**2 - 4*q + 2. Let a(u) = -k(u) + v(u). Calculate a(6).
-6
Let i(f) = f**2 + 1 + 16*f - 4 - 4*f. Determine i(-12).
-3
Let t(k) = k**3 + 5. Let g be -28*((-35)/(-20))/(-7). Let q(n) = -n**3 + 6*n**2 + 6*n + 7. Let u be q(g). Determine t(u).
5
Suppose -2*a + j - 2*j + 31 = 0, -2*j + 36 = 2*a. Let h = 7 - a. Let x(c) be the third derivative of -c**5/60 - 5*c**4/24 + 5*c**3/6 - 15*c**2. What is x(h)?
-1
Suppose 6*i = 2*i. Let l(d) = -d - d + i*d. Suppose 0 = 14*o - 25*o - 22. What is l(o)?
4
Let y(q) = 8 + q - 26 - 5 + 6 + 7. Give y(10).
0
Suppose 55 - 11 = -22*y. Let a(i) = -3*i**3 - 2*i**2 - i + 2. Determine a(y).
20
Let g(y) = 15*y**3 + 2*y**2 + y. Let m be (-2)/(1 + 3) + (-14)/28. Give g(m).
-14
Let a(o) = -5*o**2 - 38*o + 12. Let b be a(-8). Let m(q) = -q**3 - 4*q**2 + 2*q + 2. Calculate m(b).
-6
Let t(i) = -i**3 + 3*i**2 + 3*i - 5. Let b = 61 - 57. Determine t(b).
-9
Let t be 2/12 + 115/30*1. Let y(r) be the second derivative of r**4/12 - r**3/3 - 2*r**2 - 10*r. Calculate y(t).
4
Let k(l) = -9*l**2 + l + 5. Let u(f) = 4*f**2 - f - 3. Let v(p) = -3*k(p) - 7*u(p). Let c(j) = -6*j**3 + 2*j**2 - 1. Let w be c(-1). Calculate v(w).
-15
Let x(d) = 2*d**2 - 2*d. Let n be (-7)/(-3) + (-50)/(-75). Let w be 2 + -8 + 1 + n. What is x(w)?
12
Let u = 11 - 5. Let h(b) = u*b + 0*b**2 - 2 - b**3 - 5*b**2 - 2*b - 8*b. Calculate h(-2).
-6
Let f(y) = -17*y**2 + 8*y**2 + y - 9 + 10 + 13*y**2. Give f(2).
19
Let m(p) = -2*p**3 - 2*p**2 + p - 2. Suppose 0 = -9*z + 6*z - 27. Let s be (-78)/z - (-2)/6. Suppose -4*t - 20 = -4*q, 4 = -5*t + q - s. Give m(t).
4
Let w = 8 + -5. Let x(u) = -6*u - 5 + 39*u**3 - 38*u**w + 6*u**2 + 4. Calculate x(-7).
-8
Let t(l) = -l**3 + 4*l**2 - 2*l - 1. Let m(a) = 4*a + 120. Let w be m(-29). What is t(w)?
-9
Let o(h) = -h**3 + h**2 + 12*h - 2. Let i be o(4). Let u(d) = d**3 + 3*d**2 + 2*d - 1. Give u(i).
-1
Let d(p) = -p**3 - 6*p**2 + 9*p + 3. Let f(r) = r**3 + r**2 - 3*r + 7. Let c be f(0). Let x(w) = -w**2 + 5*w + 7. Let t be x(c). What is d(t)?
-11
Let h = 70 + -75. Let v(w) be the first derivative of w**2 + 2*w + 18. Give v(h).
-8
Let n = 39 + -45. Let h = n - -3. Let b(u) = -u**3 - 4*u**2 - 2*u + 3. Calculate b(h).
0
Let x(z) = z**2 + 1. Let s be x(2). Let l = s + -3. Let y(j) = -3 + 2 - j**l + 6*j - 5. Give y(5).
-1
Let p be (-3 - -5)*(-6)/(-4). Let r(a) = 5*a + 0*a**p + a**3 - 7*a + a. Let k(y) = y**3 + 4*y**2 + 5. Let h(i) = k(i) - 2*r(i). Determine h(5).
-10
Let s(g) be the second derivative of g**4/12 - 7*g**3/6 + 6*g**2 + 6*g. Suppose 2*j - 20 = -2*z, 3*z - 18 = -0*j + 3*j. Give s(z).
20
Let s(o) = o**2 + 2*o + 2. Let a = -913 - -909. What is s(a)?
10
Let h = -5 + 12. Let x(o) = -2*o - 43 - 39 + 97. What is x(h)?
1
Let c = 12 + -17. Let l(b) = b - 7. Let y be (3 - 0) + (-5 - (1 + 2)). Let j(h) = -2*h + 7. Let g(k) = y*j(k) - 6*l(k). Give g(c).
-13
Let b be -1 + 0*7/(-14). Let x(a) be the first derivative of a**4/2 + a + 2. Determine x(b).
-1
Suppose 0 = o - 2*f + 10, f - 2 = 3*o + 2*f. Let h(v) = -v**3 - v - 2. Let b(g) = g**3 + g**2 + g. Let z(d) = -2*b(d) - h(d). What is z(o)?
4
Let m(d) = -d**3 - d**2 - d + 7. Let i be m(0). Let t(w) be the second derivative of w**5/20 - 2*w**4/3 + 4*w**3/3 - 4*w**2 - 34*w. Give t(i).
-1
Let j(m) = -m + 9. Let o be -3 + 4*(-6)/(-4). Let v(c) = 2*c - 17. Let h(s) = o*v(s) + 5*j(s). Determine h(5).
-1
Let z(h) = -h**2 + 4*h + 7. Let p = 15 - 12. Suppose 0 = p*j + 5*q - 1, -q + 2*q + 1 = -j. Let t be j/2*(-4)/1. Determine z(t).
-5
Suppose 0 = 4*a + 5*v - 187, -v - 3*v = 4*a - 184. Let w(m) = a - 77 + 34 - m. Calculate w(2).
-2
Let y = 40 + -42. Let i(u) be the first derivative of -u**4/4 + 2*u**3/3 + u**2 - 2*u - 15. Give i(y).
10
Let v(p) be the first derivative of -2*p**3/3 - 7*p**2/2 - 9*p + 5. Let u(m) = 3 - 4 + 3*m**2 - m**2 - 3*m**2. Let i(a) = 3*u(a) - v(a). Determine i(6).
12
Suppose 5*d - 2 = -3*g, -3*g = 2*g + 5*d - 10. Suppose g*t - 13 = 3. Let j(a) be the third derivative of -a**4/12 + 5*a**3/6 - a**2. Determine j(t).
-3
Let o = -18 - -23. Let d(c) = -85 + 0*c**2 + 91 + c**2 - 7*c. Determine d(o).
-4
Let k = -35 + 39. Let b(x) be the first derivative of -5*x + 1/4*x**4 + 5/2*x**2 - 5/3*x**3 - 4. Give b(k).
-1
Let y(i) = i - 20. Let p be y(13). Let k(s) = s**2 + 4*s - 8. What is k(p)?
13
Let g be 8 + (-5)/(5/3). Let y(i) = i + 4. Let k(c) = 2*c + 4. Let p(t) = 2*k(t) - 3*y(t). Calculate p(g).
1
Let x(n) = -20 - 2*n - 14 + 23. Calculate x(-6).
1
Suppose 3*j = -8 + 17. Let x(w) = w + j - 3 + 2. Let n be 1 - ((-25)/(-4) + 15/20). Determine x(n).
-4
Let f(k) = k**3 - 5*k**2 + k + 2. Let w = 34 - 36. Let d(h) = 2*h**2 + 3*h + 3. Let l be d(w). Calculate f(l).
7
Suppose 0 = 2*t + 3 - 13. Let d(m) be the third derivative of m**4/24 - m**3 - 4*m**2. What is d(t)?
-1
Let k = 113 - 109. Let b(z) = -z**2 + 386 + 2*z**2 - 194 - 194 - k*z. What is b(5)?
3
Let l be (28/(-12))/(3/9). Let q(y) be the first derivative of y**3/3 + 4*y**2 + 7*y - 1. Give q(l).
0
Suppose r + 4*t - 23 = -0*t, 34 = 3*r + 5*t. Let j(l) = 0*l - 2*l**r - l + 2*l**2 - 2*l**3 + 2*l**3. Let m = 98 + -97. What is j(m)?
-1
Let l(a) = a**3 - 10*a**2 - 9*a - 6. Let x(o) = 10*o**3 + 4*o - 3. Let f be x(1). Determine l(f).
16
Let a(s) = -s**2 + 8*s - 1. Let o(v) = v**2 - 9*v + 2. Let c be -4 - (-1 - (-36)/(-4)). Let q(z) = c*a(z) + 5*o(z). Calculate q(5).
-6
Let h(t) be the second derivative of 1/2*t**3 - 5*t + 0 + 1/12*t**4 - 5/2*t**2. Suppose -3*n = -2*n, -3*n = 4*q + 20. Give h(q).
5
Let u(k) = k**3 + 5*k**2 - 6*k - 4. Let p = -16 - -40. Suppose -t = 3, -5*g + 0*t + 10 = 5*t. Suppose g*o = o - p. Calculate u(o).
-4
Suppose -13 = -4*q - 33. Suppose 12*j - 16*j = -12. Let f(i) = -j - i + 1 - i. What is f(q)?
8
Suppose -8 = 3*l - 2. Let f(a) = -4*a**3 - 11*a**2 - 18*a + 18. Let y(t) = -t**3 - 3*t**2 - 5*t + 5. Let p(h) = -2*f(h) + 7*y(h). Determine p(l).
-7
Let w(m) = 2*m**3 + 2*m**2 - 3*m - 2. Let u(v) = -3*v**3 - v**2 + 4*v + 2. Let q(z) = -3*u(z) - 4*w(z). Let f be (-2 - 0)*(-15)/6. Give q(f).
2
Let g(d) = d**2 + 3*d - 3. Suppose 3*w + w + 16 = 0. Let b be g(w). Suppose x + 